osite?
False
Is 1383529 composite?
True
Is 1008221 a prime number?
False
Is 88690067 a composite number?
False
Is 10696529 prime?
True
Is 800410811 composite?
False
Is 2779851 a prime number?
False
Is 23783 prime?
False
Is 70968137 a prime number?
True
Is 18756013 a prime number?
True
Is 1953251 prime?
False
Is 2148955 prime?
False
Is 19378219 prime?
False
Is 2094329 composite?
True
Is 2810471 a prime number?
True
Is 28667245 a prime number?
False
Is 6915703 composite?
False
Is 231898967 a composite number?
True
Is 223267 a composite number?
True
Is 45153659 composite?
False
Is 25146019 composite?
False
Is 8477551 a composite number?
True
Is 69193843 a prime number?
False
Is 3386783 a prime number?
False
Is 1977127 composite?
True
Is 13192359 composite?
True
Is 39377849 composite?
True
Is 526481 a composite number?
True
Is 14628379 composite?
False
Is 675613 composite?
True
Is 5397883 a composite number?
True
Is 472607 a composite number?
True
Is 16293221 a prime number?
False
Is 8343403 a prime number?
True
Is 5496639 prime?
False
Is 6075209 a prime number?
False
Is 2926219 a composite number?
True
Is 24061093 a composite number?
True
Is 45028859 a prime number?
False
Is 324996142 a prime number?
False
Is 26985319 a prime number?
False
Is 6460093 composite?
False
Is 79429591 prime?
True
Is 72674021 a composite number?
True
Is 15116515 prime?
False
Is 29543563 prime?
False
Is 2398051 prime?
True
Is 185087957 a prime number?
True
Is 5572211 prime?
True
Is 30646439 composite?
True
Is 1531097 a composite number?
True
Is 17076205 prime?
False
Is 150285119 prime?
False
Is 40187239 composite?
False
Is 203457403 a composite number?
True
Is 81563117 a composite number?
False
Is 1510913 a prime number?
True
Is 7071047 prime?
True
Is 1078643 a prime number?
True
Is 13811507 prime?
True
Is 324053959 composite?
False
Is 3773941 a prime number?
True
Is 217368479 a composite number?
False
Is 1985933 prime?
False
Is 5927297 a prime number?
False
Is 3249757 a composite number?
True
Is 664661 prime?
True
Is 7454803 composite?
True
Is 73159031 prime?
False
Is 26702107 composite?
True
Is 6540103 a prime number?
True
Is 133344509 a composite number?
False
Is 1950383 prime?
True
Is 444079 a prime number?
True
Is 963337 prime?
False
Is 490722097 a prime number?
True
Is 1329547 prime?
False
Is 1134055205 a prime number?
False
Is 512137 prime?
True
Is 244875941 a prime number?
False
Is 11533211 a prime number?
True
Is 2859193 prime?
False
Is 953399 prime?
True
Is 33533441 composite?
True
Is 508699 a prime number?
False
Is 193913583 prime?
False
Is 1167467 a composite number?
True
Is 7620983 composite?
True
Is 553150583 composite?
False
Is 112149419 prime?
False
Is 2864899 prime?
False
Is 7758727 prime?
True
Is 44470367 a composite number?
False
Is 305053 prime?
False
Is 870514 a composite number?
True
Is 6226769 a prime number?
True
Is 10895047 a prime number?
True
Is 1170129 prime?
False
Is 12581813 a composite number?
True
Is 2500261 prime?
False
Is 93833867 composite?
False
Is 315814727 a prime number?
False
Is 23356859 a prime number?
True
Is 16814089 composite?
False
Is 821563 prime?
False
Is 228858313 a prime number?
True
Is 9501437 composite?
True
Is 15140809 a prime number?
False
Is 80907847 a prime number?
True
Is 547007 composite?
False
Is 53532467 a prime number?
False
Is 2932633 a prime number?
False
Is 15635303 a prime number?
True
Is 285223699 composite?
True
Is 13714061 a composite number?
False
Is 23170073 a prime number?
True
Is 71572271 a prime number?
True
Is 2769626 prime?
False
Is 8487527 prime?
True
Is 16384127 a prime number?
True
Is 78947767 composite?
False
Is 450401177 prime?
False
Is 309729207 a composite number?
True
Is 17962249 composite?
False
Is 1816051 prime?
True
Is 122366423 a composite number?
False
Is 15550807 a prime number?
False
Is 179021 prime?
True
Is 3980681 a prime number?
False
Is 7275769 a composite number?
False
Is 73395611 prime?
False
Is 19953733 prime?
False
Is 94889 a prime number?
True
Is 5300103 prime?
False
Is 1492333 a prime number?
False
Is 406339421 prime?
False
Is 3742001 composite?
True
Is 19801471 a composite number?
False
Is 45465929 prime?
True
Is 5536789 a prime number?
True
Is 48668791 composite?
True
Is 217777847 a composite number?
True
Is 8040623 a prime number?
True
Is 17057 a prime number?
False
Is 10694671 prime?
False
Is 3542267 prime?
True
Is 10680569 a prime number?
True
Is 632337031 prime?
True
Is 30086194 composite?
True
Is 44275589 a composite number?
False
Is 101670089 a composite number?
False
Is 78427865 prime?
False
Is 50040267 prime?
False
Is 162713695 prime?
False
Is 31163921 a composite number?
False
Is 8293927 a prime number?
False
Is 663191 prime?
True
Is 31312261 a composite number?
True
Is 14388467 composite?
True
Is 170741 a prime number?
True
Is 1391353 a prime number?
True
Is 257251529 prime?
True
Is 3685949 composite?
False
Is 21318041 a composite number?
True
Is 83650153 a prime number?
True
Is 1039279 prime?
True
Is 48831467 composite?
False
Is 14190874 a composite number?
True
Is 40244629 composite?
False
Is 241485451 composite?
False
Is 23169193 prime?
True
Is 86321089 a composite number?
False
Is 61032031 composite?
False
Is 98966609 composite?
True
Is 2799211 prime?
True
Is 19504259 composite?
False
Is 3540127 a prime number?
True
Is 167381 a composite number?
False
Is 20693003 composite?
False
Is 5464945 prime?
False
Is 45054343 a prime number?
False
Is 202987379 a composite number?
True
Is 723334309 prime?
False
Is 59223511 a composite number?
True
Is 48163273 composite?
True
Is 20161285 a composite number?
True
Is 573143 composite?
False
Is 123337667 composite?
True
Is 11913035 composite?
True
Is 78546721 prime?
False
Is 654917 a composite number?
False
Is 3348223 a composite number?
False
Is 41489719 a composite number?
False
Is 17208967 a prime number?
True
Is 22585939 a composite number?
False
Is 8192771 a prime number?
True
Is 29917313 composite?
True
Is 25749527 composite?
False
Is 9342413 a prime number?
False
Is 14177773 prime?
False
Is 1311143 composite?
False
Is 881735 a prime number?
False
Is 4803869 a prime number?
False
Is 11287361 prime?
True
Is 2152151 a composite number?
True
Is 311599 a composite number?
True
Is 1316017 prime?
True
Is 445451 composite?
True
Is 12416923 a prime number?
True
Is 1511401 a composite number?
True
Is 10194493 a prime number?
True
Is 287299951 composite?
True
Is 1643479 a composite number?
True
Is 187836499 a composite number?
False
Is 42484687 composite?
True
Is 421050079 a composite number?
False
Is 58770505 composite?
True
Is 22242971 a composite number?
True
Is 17954333 a prime number?
False
Is 5689241 prime?
True
Is 925811 a prime number?
False
Is 43798063 composite?
False
Is 12246653 a composite number?
False
Is 12318337 a composite number?
True
Is 517330553 prime?
False
Is 1971173 composite?
True
Is 2478877 prime?
True
Is 64267997 a prime number?
True
Is 6510089 composite?
True
Is 62932369 composite?
True
Is 438301201 composite?
True
Is 56066303 a composite number?
False
Is 201788157 composite?
True
Is 44915755 a composite number?
True
Is 217405031 composite?
True
Is 69795299 composite?
True
Is 8041723 prime?
True
Is 77112681 a composite number?
True
Is 16880366 a prime number?
False
Is 18147409 a composite number?
True
Is 17014541 a prime number?
False
Is 5461331 a prime number?
True
Is 133409743 a prime number?
False
Is 229081 a prime number?
True
Is 222901079 prime?
False
Is 25503197 a composite number?
True
Is 61427497 prime?
True
Is 11529185 composite?
True
Is 147944899 prime?
False
Is 481883 composite?
False
Is 2443027 prime?
True
Is 131717563 a composite number?
False
Is 6379701 a composite number?
True
Is 33797507 prime?
True
Is 2361899 composite?
False
Is 150716681 a composite number?
False
Is 204511781 a prime number?
True
Is 196477 prime?
True
Is 21074989 prime?
False
Is 127148711 a composite number?
False
Is 30652823 composite?
False
Is 16083997 a prime number?
True
Is 625421407 composite?
True
Is 1022311601 prime?
True
Is 5079179 a composite number?
True
Is 258777137 composite?
False
Is 34544519 composite?
False
Is 3261191 a composite number?
False
Is 51590953 a prime number?
True
Is 7285679 prime?
True